- 14*n + 11*n. What is the remainder when 65 is divided by b?
15
Let y = 50 - 34. Let n = 33 - y. Calculate the remainder when 32 is divided by n.
15
Suppose -5*b + 439 = 3*h, -5*h = b - 418 - 321. Calculate the remainder when h is divided by 38.
34
Let h(a) = 38*a - 335. Calculate the remainder when 144 is divided by h(9).
4
Suppose -2*h + 72 = 2*a, 58*h - 5*a = 61*h - 114. What is the remainder when 295 is divided by h?
31
What is the remainder when 1/(-9) - (-224602)/549 is divided by 15?
4
Suppose -5*n + 92 = 2*m, 11*m - 3 = 8*m. Calculate the remainder when 25 is divided by n.
7
Let f(q) = -3*q**2 - 3*q - 1. Let t be f(-2). Let i = 42 + t. Calculate the remainder when i is divided by 19.
16
Let l = 1919 + -3206. What is the remainder when (-1)/2 - l/22 is divided by 15?
13
Suppose -2*n - 56 = 5*b - 225, 93 = 3*b - 3*n. Let m = b - 30. Suppose 3*l - 2*z - 16 = 6, 12 = 3*l + m*z. Calculate the remainder when 16 is divided by l.
4
Suppose 6*w - 18 = 5*w + q, -w + 3 = -4*q. Calculate the remainder when 66 is divided by w.
20
What is the remainder when 59 is divided by (-3)/(-45)*178 - 2/(-15)?
11
Suppose -3*h = -7*h + 16. Suppose 0 = h*i - i + d - 10, -3*d - 22 = -4*i. What is the remainder when 11 is divided by i?
3
Let j(g) = 5*g**2 - 18*g - 63. What is the remainder when j(-4) is divided by 59?
30
Suppose t + u - 11 = 0, -4*t + 3*t + 19 = -3*u. What is the remainder when 100 is divided by t?
9
Let a be (7 + 1)/4 + 1. Suppose -4*v - a = 5. What is the remainder when 58*1 - (v + 0) is divided by 16?
12
Let i(w) = w**2 - 1. Let v(m) = -4*m**2 - 2*m - 2. Let y(s) = 3*i(s) - v(s). Let n be y(1). What is the remainder when 12/n*488/6 is divided by 31?
29
Suppose -3*i = p + p - 16, -i - 3*p = -10. Calculate the remainder when -1*24/((-12)/3) is divided by (-3)/i*8/(-3).
0
Let s be 1 + 0 - 6*(-3)/(-9). Suppose -2*h = -3*h + 6. What is the remainder when s/(3/(-30)*1) is divided by h?
4
Suppose -11*f = -27*f + 416. What is the remainder when f is divided by 13?
0
Let n = 16 + -11. Suppose -i = 2*b - 84, n*i - 436 - 6 = b. What is the remainder when 57 is divided by i/(-1 - -5) - 2?
17
Suppose 8*z - 4*z - 3*p - 67 = 0, 15 = z + p. Calculate the remainder when 92 is divided by z.
12
Let q(j) = -6*j - 11. Suppose f + 5*c = -8, 0 = -3*c + 11 + 1. Let g = 25 + f. What is the remainder when 12 is divided by q(g)?
5
Calculate the remainder when 20/10*2*26/2 is divided by 27.
25
Let o = -71 + 149. Let n = o - 61. Calculate the remainder when 48 is divided by n.
14
Let u = -280 + 297. Calculate the remainder when 543 is divided by u.
16
Let u(v) = -5*v - 3. Let p(d) = 3*d**2 - 3*d + 2. Let m be p(3). Let l = m + -2. What is the remainder when l is divided by u(-2)?
4
Suppose 0 = 3*s - 0*s - 66. Suppose 2*i = 2*z - 22, 33*z - 31*z - 32 = 4*i. What is the remainder when s is divided by z?
4
Let a(k) = 55*k**3 + 2*k**2 - 2. Let n be a(1). Suppose -3*o = -4*h - n, o + 10 = 3*o + 4*h. Let y = 3 + o. What is the remainder when 46 is divided by y?
14
Let u = 14 - 38. Calculate the remainder when 24 is divided by (-1)/2 - 3*44/u.
4
Suppose 5*o = -5*i + 120, 5*i - 3*o + o - 85 = 0. Calculate the remainder when 52 is divided by i.
14
Suppose -504 = 2718*j - 2726*j. What is the remainder when 125 is divided by j?
62
Suppose -k - 4*k - t - 246 = 0, -3*k = 3*t + 138. Let q = k + 68. Calculate the remainder when 32 is divided by q.
14
Suppose 225 = h + 24*h. Suppose -d = -5*y + 226, d = 4*y + 6*d - 204. Suppose l = -l + y. What is the remainder when l is divided by h?
5
Suppose 4*n + 10 = 2*a, -5*n - 43 = -5*a - n. Suppose o - a - 6 = 0. Let m = 20 - o. Calculate the remainder when m is divided by 3.
0
Suppose -6*k + 1425 = -2*x - 127, -282 = -k + 5*x. What is the remainder when k is divided by 26?
23
Suppose 0 = -6*k + 7*k - 25. Suppose -2*r - 13 = -k. Calculate the remainder when 21 is divided by r.
3
Let o(y) = 6*y - 22. Calculate the remainder when 97 is divided by o(6).
13
Calculate the remainder when 66 is divided by 12/8*8*(-2 + 3).
6
Let t = 522 - 491. Let m(s) = s**2 + 3*s + 2. What is the remainder when t is divided by m(-5)?
7
Let j(p) = p**3 + 8*p**2 - 52*p + 1. What is the remainder when 68 is divided by j(-12)?
19
Let t = 3 - -1. Suppose -2*d = -3 - 1. Suppose t*l = d*l + 154. What is the remainder when l is divided by 20?
17
Let k = -28 + 30. Let y(j) = 3*j**3 + 19*j**2 - 10*j**2 - 12*j**2 + 3*j. What is the remainder when y(k) is divided by 10?
8
Let l = -360 + 393. What is the remainder when 63 is divided by l?
30
Let w = 151 - 107. Calculate the remainder when ((-1790)/135)/((-2)/33) - 20/(-90) is divided by w.
43
Let x = -35 + 36. Calculate the remainder when 2 is divided by x/(-1 - -5) - (-161)/92.
0
Suppose -2*t + p = -81, 3*p + 80 = t + 27. Suppose 113 = -x + 264. Calculate the remainder when x is divided by t.
37
Suppose t = 4*t + 2*o - 378, -t + 143 = -5*o. What is the remainder when t is divided by 22?
18
Let n(j) = j**2 - 4. Suppose -o + 8 = o. Let y be n(o). Let k = -11 + y. What is the remainder when k is divided by 1?
0
Let a(h) = -h**2 - 10*h + 1. What is the remainder when a(-5) is divided by 9?
8
Let d = 177 - 93. Let p be (-12 + 5)*(0 + 2). Let w = p + 43. What is the remainder when d is divided by w?
26
Let q(t) = -t + 8. Let c be q(7). Calculate the remainder when (-69)/9*(0 + -3) is divided by ((5 - c)*1)/((-2)/(-6)).
11
Suppose 2*j + 10 = 4*u + 2, -10 = -5*u - 2*j. Let r(s) = 9*s + 4. Let c be r(u). Let x = c + -12. What is the remainder when 29 is divided by x?
9
Let c be (-90)/(-24) + 6 + 1/4. Suppose -2*t + c*t = 176. Calculate the remainder when 64 is divided by t.
20
Let i(s) = -s + 11. What is the remainder when (-3)/(-4) - 340/(-16) is divided by i(5)?
4
Let y(f) = 2*f**3 - 2*f**2 + 2*f - 3. Let u be (0 + -2)*39/6. Let c = u + 15. What is the remainder when y(2) is divided by c?
1
Suppose 0 = -4*b + 3*v - v + 100, -5*b = 3*v - 103. Calculate the remainder when 342 is divided by b.
20
Suppose -3*p - 52 = -5*p. Let i be ((-5)/((-15)/6))/1. Let q(l) = 6*l**3 - l**2 + 4*l - 3. Calculate the remainder when q(i) is divided by p.
23
Let g = -22 - -32. Let f be (g + -11)*-2*46. Suppose 5*k = f + 18. What is the remainder when k is divided by 9?
4
Suppose 11 = -i + 3*l, 3*l - l - 10 = 0. Suppose -81 = -0*y - i*y + 3*k, -5*y = 3*k - 135. What is the remainder when (3 + 0)/(7/161) is divided by y?
21
Suppose -5*g = g - 66. What is the remainder when g is divided by 5?
1
Let g = -268 - -346. Let h = -26 - -46. Calculate the remainder when g is divided by h.
18
Let b(s) = 3*s**2 + 5*s + 3. Suppose 2*l + 0 = 12. Suppose 2*g - l = -5*q, 3*g - 1 = 3*q + 29. What is the remainder when b(-3) is divided by g?
7
Let r(s) be the third derivative of 0 - 2*s**2 + 1/24*s**4 + 5/2*s**3 + 0*s. What is the remainder when 72 is divided by r(10)?
22
Suppose 20*v = -296 + 2036. Calculate the remainder when 270 is divided by v.
9
Let u(s) = 22*s**2 + 5*s - 4. Let w be u(1). Suppose y - w = -2*p + 7, 0 = 5*y - 3*p - 85. What is the remainder when y is divided by 11?
9
Suppose 4*r - 15 = -p, -21 = -4*r - 2*p - p. Suppose r*w + 3*n = 126, -3*n + 0*n = 5*w - 200. What is the remainder when w is divided by 14?
9
Let f(x) = -32*x - 5. Let q be f(-9). Let o = q + -162. Suppose -3*r + i + o - 51 = 0, -i = r - 22. What is the remainder when 45 is divided by r?
22
Let t be 1 - 2 - 791/7. Let o = t + 117. Let w = 4 + 3. Calculate the remainder when w is divided by o.
1
Calculate the remainder when 171 is divided by 148/(-1702) - 2488/(-46).
9
Let o(h) = -h**2 + 30*h + 35. What is the remainder when o(29) is divided by 20?
4
What is the remainder when 112 is divided by 2 - (-174)/15 - (-24)/(-40)?
8
Suppose 14*m - 7*m = 609. Calculate the remainder when m is divided by 3.
0
Let y = -93 + 298. What is the remainder when y is divided by 65?
10
Suppose 1072 = 9*j + 163. Let c = -59 + j. Suppose 2*l - 62 = -3*g, -7 = -l + 3*g + c. What is the remainder when l is divided by 13?
11
Let b(c) = 18*c + 283. What is the remainder when b(-13) is divided by 15?
4
Let v be 3/(-1) - (-18 - -10). Suppose v*h + 2*n - 112 = h, 4*h + n - 110 = 0. What is the remainder when h is divided by 7?
6
Let d be (-3)/(1/3 + 24/(-18)). Suppose -u = -4*i - 84, 128 = d*u + 3*i - 154. What is the